{"id":4317,"date":"2022-06-23T21:48:10","date_gmt":"2022-06-23T19:48:10","guid":{"rendered":"https:\/\/sagascience.com\/oceans\/?page_id=4317"},"modified":"2022-06-24T18:35:55","modified_gmt":"2022-06-24T16:35:55","slug":"credits","status":"publish","type":"page","link":"https:\/\/sagascience.com\/oceans\/credits\/","title":{"rendered":"cr\u00e9dits"},"content":{"rendered":"\t\t<div data-elementor-type=\"wp-page\" data-elementor-id=\"4317\" class=\"elementor elementor-4317\" data-elementor-settings=\"[]\">\n\t\t\t\t\t\t\t<div class=\"elementor-section-wrap\">\n\t\t\t\t\t\t\t<section class=\"elementor-section elementor-top-section elementor-element elementor-element-4ffd6b3 elementor-section-full_width container-fluid elementor-section-height-default elementor-section-height-default\" data-id=\"4ffd6b3\" data-element_type=\"section\" id=\"0-0\" data-settings=\"{&quot;background_background&quot;:&quot;classic&quot;,&quot;shape_divider_top&quot;:&quot;mountains&quot;}\">\n\t\t\t\t\t<div class=\"elementor-shape elementor-shape-top\" data-negative=\"false\">\n\t\t\t<svg xmlns=\"http:\/\/www.w3.org\/2000\/svg\" viewBox=\"0 0 1000 100\" preserveAspectRatio=\"none\">\n\t<path class=\"elementor-shape-fill\" opacity=\"0.33\" d=\"M473,67.3c-203.9,88.3-263.1-34-320.3,0C66,119.1,0,59.7,0,59.7V0h1000v59.7 c0,0-62.1,26.1-94.9,29.3c-32.8,3.3-62.8-12.3-75.8-22.1C806,49.6,745.3,8.7,694.9,4.7S492.4,59,473,67.3z\"\/>\n\t<path class=\"elementor-shape-fill\" opacity=\"0.66\" d=\"M734,67.3c-45.5,0-77.2-23.2-129.1-39.1c-28.6-8.7-150.3-10.1-254,39.1 s-91.7-34.4-149.2,0C115.7,118.3,0,39.8,0,39.8V0h1000v36.5c0,0-28.2-18.5-92.1-18.5C810.2,18.1,775.7,67.3,734,67.3z\"\/>\n\t<path class=\"elementor-shape-fill\" d=\"M766.1,28.9c-200-57.5-266,65.5-395.1,19.5C242,1.8,242,5.4,184.8,20.6C128,35.8,132.3,44.9,89.9,52.5C28.6,63.7,0,0,0,0 h1000c0,0-9.9,40.9-83.6,48.1S829.6,47,766.1,28.9z\"\/>\n<\/svg>\t\t<\/div>\n\t\t\t\t\t<div class=\"elementor-container elementor-column-gap-no\">\n\t\t\t\t\t<div class=\"elementor-column elementor-col-100 elementor-top-column elementor-element elementor-element-1087374\" data-id=\"1087374\" data-element_type=\"column\" data-settings=\"{&quot;background_background&quot;:&quot;classic&quot;}\">\n\t\t\t<div class=\"elementor-widget-wrap elementor-element-populated\">\n\t\t\t\t\t\t\t\t<section class=\"elementor-section elementor-inner-section elementor-element elementor-element-49c3ee2 mb-small pt-small pb-small elementor-section-boxed elementor-section-height-default elementor-section-height-default\" data-id=\"49c3ee2\" data-element_type=\"section\" data-settings=\"{&quot;theme_remove_top_bottom_gaps&quot;:&quot;yes&quot;,&quot;background_background&quot;:&quot;classic&quot;}\">\n\t\t\t\t\t\t<div class=\"elementor-container elementor-column-gap-wide\">\n\t\t\t\t\t<div class=\"elementor-column elementor-col-100 elementor-inner-column elementor-element elementor-element-952cf39\" data-id=\"952cf39\" data-element_type=\"column\" data-settings=\"{&quot;background_background&quot;:&quot;classic&quot;}\">\n\t\t\t<div class=\"elementor-widget-wrap elementor-element-populated\">\n\t\t\t\t\t\t\t\t<div class=\"elementor-element elementor-element-f31a439 elementor-widget elementor-widget-spacer\" data-id=\"f31a439\" data-element_type=\"widget\" data-widget_type=\"spacer.default\">\n\t\t\t\t<div class=\"elementor-widget-container\">\n\t\t\t\t\t<div class=\"elementor-spacer\">\n\t\t\t<div class=\"elementor-spacer-inner\"><\/div>\n\t\t<\/div>\n\t\t\t\t<\/div>\n\t\t\t\t<\/div>\n\t\t\t\t<div class=\"elementor-element elementor-element-2dbe8fe elementor-widget elementor-widget-kinsey-widget-content-block\" data-id=\"2dbe8fe\" data-element_type=\"widget\" data-widget_type=\"kinsey-widget-content-block.default\">\n\t\t\t\t<div class=\"elementor-widget-container\">\n\t\t\t\t\t<div class=\"section section-content\">\n\t\t\t\t\t\t<div class=\"section-content__content content arts-split-text js-arts-split-text\" data-arts-split-text=\"lines\" data-arts-split-text-set=\"lines\" data-arts-split-text-overflow-wrap=\"lines\" data-arts-os-animation=\"true\" data-arts-os-animation-name=\"animateText\"><h5 style=\"line-height: 36px; text-align: center;\">Ce dossier CNRS\/sagascience consacr\u00e9 aux oc\u00e9ans<br \/>a \u00e9t\u00e9 mis en ligne en juin 2022 par la direction<br \/>de la communication du CNRS.<\/h5><\/div>\n\t\t\t\t\t<\/div>\n\t\t\t\t<\/div>\n\t\t\t\t<\/div>\n\t\t\t\t<div class=\"elementor-element elementor-element-58ce7ac elementor-widget elementor-widget-spacer\" data-id=\"58ce7ac\" data-element_type=\"widget\" data-widget_type=\"spacer.default\">\n\t\t\t\t<div class=\"elementor-widget-container\">\n\t\t\t\t\t<div class=\"elementor-spacer\">\n\t\t\t<div class=\"elementor-spacer-inner\"><\/div>\n\t\t<\/div>\n\t\t\t\t<\/div>\n\t\t\t\t<\/div>\n\t\t\t\t<div class=\"elementor-element elementor-element-1a1b8e5 elementor-widget elementor-widget-kinsey-widget-content-block\" data-id=\"1a1b8e5\" data-element_type=\"widget\" data-widget_type=\"kinsey-widget-content-block.default\">\n\t\t\t\t<div class=\"elementor-widget-container\">\n\t\t\t\t\t<div class=\"section section-content\">\n\t\t\t\t\t\t<div class=\"section-content__content content arts-split-text js-arts-split-text\" data-arts-split-text=\"lines\" data-arts-split-text-set=\"lines\" data-arts-split-text-overflow-wrap=\"lines\" data-arts-os-animation=\"true\" data-arts-os-animation-name=\"animateText\"><p style=\"text-align: left;\"><strong>R\u00e9daction\u00a0<\/strong>: Anne-Sophie Boutaud<\/p><p style=\"text-align: left;\"><strong>Recherche iconographique :<\/strong> Christine Girard, Anne-Sophie Boutaud<\/p><p style=\"text-align: left;\">\u00a0<\/p><\/div>\n\t\t\t\t\t<\/div>\n\t\t\t\t<\/div>\n\t\t\t\t<\/div>\n\t\t\t\t<div class=\"elementor-element elementor-element-b47e1be elementor-widget-divider--view-line elementor-widget elementor-widget-divider\" data-id=\"b47e1be\" data-element_type=\"widget\" data-widget_type=\"divider.default\">\n\t\t\t\t<div class=\"elementor-widget-container\">\n\t\t\t<style>\/*! elementor - v3.5.6 - 28-02-2022 *\/\n.elementor-widget-divider{--divider-border-style:none;--divider-border-width:1px;--divider-color:#2c2c2c;--divider-icon-size:20px;--divider-element-spacing:10px;--divider-pattern-height:24px;--divider-pattern-size:20px;--divider-pattern-url:none;--divider-pattern-repeat:repeat-x}.elementor-widget-divider .elementor-divider{display:-webkit-box;display:-ms-flexbox;display:flex}.elementor-widget-divider .elementor-divider__text{font-size:15px;line-height:1;max-width:95%}.elementor-widget-divider .elementor-divider__element{margin:0 var(--divider-element-spacing);-ms-flex-negative:0;flex-shrink:0}.elementor-widget-divider .elementor-icon{font-size:var(--divider-icon-size)}.elementor-widget-divider .elementor-divider-separator{display:-webkit-box;display:-ms-flexbox;display:flex;margin:0;direction:ltr}.elementor-widget-divider--view-line_icon .elementor-divider-separator,.elementor-widget-divider--view-line_text .elementor-divider-separator{-webkit-box-align:center;-ms-flex-align:center;align-items:center}.elementor-widget-divider--view-line_icon .elementor-divider-separator:after,.elementor-widget-divider--view-line_icon .elementor-divider-separator:before,.elementor-widget-divider--view-line_text .elementor-divider-separator:after,.elementor-widget-divider--view-line_text .elementor-divider-separator:before{display:block;content:\"\";border-bottom:0;-webkit-box-flex:1;-ms-flex-positive:1;flex-grow:1;border-top:var(--divider-border-width) var(--divider-border-style) var(--divider-color)}.elementor-widget-divider--element-align-left .elementor-divider .elementor-divider-separator>.elementor-divider__svg:first-of-type{-webkit-box-flex:0;-ms-flex-positive:0;flex-grow:0;-ms-flex-negative:100;flex-shrink:100}.elementor-widget-divider--element-align-left .elementor-divider-separator:before{content:none}.elementor-widget-divider--element-align-left .elementor-divider__element{margin-left:0}.elementor-widget-divider--element-align-right .elementor-divider .elementor-divider-separator>.elementor-divider__svg:last-of-type{-webkit-box-flex:0;-ms-flex-positive:0;flex-grow:0;-ms-flex-negative:100;flex-shrink:100}.elementor-widget-divider--element-align-right .elementor-divider-separator:after{content:none}.elementor-widget-divider--element-align-right .elementor-divider__element{margin-right:0}.elementor-widget-divider:not(.elementor-widget-divider--view-line_text):not(.elementor-widget-divider--view-line_icon) .elementor-divider-separator{border-top:var(--divider-border-width) var(--divider-border-style) var(--divider-color)}.elementor-widget-divider--separator-type-pattern{--divider-border-style:none}.elementor-widget-divider--separator-type-pattern.elementor-widget-divider--view-line .elementor-divider-separator,.elementor-widget-divider--separator-type-pattern:not(.elementor-widget-divider--view-line) .elementor-divider-separator:after,.elementor-widget-divider--separator-type-pattern:not(.elementor-widget-divider--view-line) .elementor-divider-separator:before,.elementor-widget-divider--separator-type-pattern:not([class*=elementor-widget-divider--view]) .elementor-divider-separator{width:100%;min-height:var(--divider-pattern-height);-webkit-mask-size:var(--divider-pattern-size) 100%;mask-size:var(--divider-pattern-size) 100%;-webkit-mask-repeat:var(--divider-pattern-repeat);mask-repeat:var(--divider-pattern-repeat);background-color:var(--divider-color);-webkit-mask-image:var(--divider-pattern-url);mask-image:var(--divider-pattern-url)}.elementor-widget-divider--no-spacing{--divider-pattern-size:auto}.elementor-widget-divider--bg-round{--divider-pattern-repeat:round}.rtl .elementor-widget-divider .elementor-divider__text{direction:rtl}<\/style>\t\t<div class=\"elementor-divider\">\n\t\t\t<span class=\"elementor-divider-separator\">\n\t\t\t\t\t\t<\/span>\n\t\t<\/div>\n\t\t\t\t<\/div>\n\t\t\t\t<\/div>\n\t\t\t\t<div class=\"elementor-element elementor-element-f5e20de elementor-widget elementor-widget-kinsey-widget-content-block\" data-id=\"f5e20de\" data-element_type=\"widget\" data-widget_type=\"kinsey-widget-content-block.default\">\n\t\t\t\t<div class=\"elementor-widget-container\">\n\t\t\t\t\t<div class=\"section section-content\">\n\t\t\t\t\t\t<div class=\"section-content__content content arts-split-text js-arts-split-text\" data-arts-split-text=\"lines\" data-arts-split-text-set=\"lines\" data-arts-split-text-overflow-wrap=\"lines\" data-arts-os-animation=\"true\" data-arts-os-animation-name=\"animateText\"><p style=\"text-align: left;\"><strong>La r\u00e9daction tient \u00e0 remercier particuli\u00e8rement pour leurs conseils, leur disponibilit\u00e9 et leurs validations scientifiques :<\/strong><\/p><\/div>\n\t\t\t\t\t<\/div>\n\t\t\t\t<\/div>\n\t\t\t\t<\/div>\n\t\t\t\t<div class=\"elementor-element elementor-element-0bd3724 elementor-widget elementor-widget-spacer\" data-id=\"0bd3724\" data-element_type=\"widget\" data-widget_type=\"spacer.default\">\n\t\t\t\t<div class=\"elementor-widget-container\">\n\t\t\t\t\t<div class=\"elementor-spacer\">\n\t\t\t<div class=\"elementor-spacer-inner\"><\/div>\n\t\t<\/div>\n\t\t\t\t<\/div>\n\t\t\t\t<\/div>\n\t\t\t\t<div class=\"elementor-element elementor-element-8553ddb elementor-widget-divider--view-line elementor-widget elementor-widget-divider\" data-id=\"8553ddb\" data-element_type=\"widget\" data-widget_type=\"divider.default\">\n\t\t\t\t<div class=\"elementor-widget-container\">\n\t\t\t\t\t<div class=\"elementor-divider\">\n\t\t\t<span class=\"elementor-divider-separator\">\n\t\t\t\t\t\t<\/span>\n\t\t<\/div>\n\t\t\t\t<\/div>\n\t\t\t\t<\/div>\n\t\t\t\t<div class=\"elementor-element elementor-element-d97a415 elementor-widget elementor-widget-kinsey-widget-content-block\" data-id=\"d97a415\" data-element_type=\"widget\" data-widget_type=\"kinsey-widget-content-block.default\">\n\t\t\t\t<div class=\"elementor-widget-container\">\n\t\t\t\t\t<div class=\"section section-content\">\n\t\t\t\t\t\t<div class=\"section-content__content content arts-split-text js-arts-split-text\" data-arts-split-text=\"lines\" data-arts-split-text-set=\"lines\" data-arts-split-text-overflow-wrap=\"lines\" data-arts-os-animation=\"true\" data-arts-os-animation-name=\"animateText\"><p style=\"text-align: left;\"><strong>Nicolas Bierne<\/strong>, directeur de recherche \u00e0 l'Institut des sciences de l'\u00e9volution de Montpellier (ISEM) (CNRS \/ IRD \/ Universit\u00e9 de Montpellier) au sein du d\u00e9partement G\u00e9nome-Ph\u00e9nome-Environnement, partie <em>La biodiversit\u00e9 des oc\u00e9ans<\/em><\/p><p style=\"text-align: left;\"><strong>St\u00e9phane Blain<\/strong>, chercheur au Laboratoire d'oc\u00e9anographie microbienne (LOM) (CNRS \/ Sorbonne Universit\u00e9), Observatoire oc\u00e9anologique de Banyuls sur mer, professeur \u00e0 Sorbonne Universit\u00e9, parties <em>La machine oc\u00e9anique<\/em> et <em>Oc\u00e9an et changement climatique<\/em><\/p><p style=\"text-align: left;\"><strong>Jacqueline Boutin<\/strong>, directrice de recherche au Laboratoire d'oc\u00e9anographie et du climat: exp\u00e9rimentations et approches num\u00e9rique (LOCEAN-IPSL) (CNRS \/ IRD \/ MNHN \/ Sorbonne Universit\u00e9), partie <em>La machine oc\u00e9anique<\/em><\/p><p style=\"text-align: left;\"><strong>Mathilde Cannat<\/strong>, directrice de recherche dans l\u2019\u00e9quipe G\u00e9osciences marines \u00e0 l'Institut de physique du globe de Paris (IPGP) (CNRS \/ Institut de physique du globe), partie <em>Naissance et \u00e9volution des oc\u00e9ans<\/em><\/p><p style=\"text-align: left;\"><strong>Bruno Castelle<\/strong>, directeur de recherche au laboratoire Environnements et pal\u00e9oenvironnements<\/p><p style=\"text-align: left;\">oc\u00e9aniques et continentaux (EPOC) (CNRS \/ Institut Polytechnique de Bordeaux \/ Universit\u00e9 de Bordeaux), partie <em>L\u2019Oc\u00e9an des humains<\/em><\/p><p style=\"text-align: left;\"><strong>Joachim Claudet<\/strong>, directeur de recherche au Centre de recherches insulaires et observatoire de l'environnement (Criobe) (CNRS \/ EPHE \/ Universit\u00e9 de Perpignan via Domitia), partie <em>La biodiversit\u00e9 des oc\u00e9ans<\/em><\/p><p style=\"text-align: left;\"><strong>Javier Escartin<\/strong>, directeur de recherche dans l\u2019\u00e9quipe G\u00e9osciences marines \u00e0 l\u2019Institut de physique du globe de Paris (IPGP) (CNRS \/ Institut de physique du globe), parties <em>Naissance et \u00e9volution des oc\u00e9ans <\/em>et <em>L\u2019Oc\u00e9an des humains<\/em><\/p><p style=\"text-align: left;\"><strong>Anne-Marie Karpoff<\/strong>, directrice de recherche \u00e9m\u00e9rite \u00e0 l\u2019Institut terre et environnement de Strasbourg (ITES) (CNRS \/ Universit\u00e9 de Strasbourg), partie <em>Naissance et \u00e9volution des oc\u00e9ans<\/em><\/p><p style=\"text-align: left;\"><strong>Aur\u00e9lien Paulmier<\/strong>, chercheur au Laboratoire d'Etudes en G\u00e9ophysique et Oc\u00e9anographie Spatiales (LEGOS), partie <em>Oc\u00e9an et changement climatique<\/em><\/p><p style=\"text-align: left;\"><strong>Patrick Raimbault<\/strong>, directeur de recherche \u00e0 l\u2019Institut m\u00e9diterran\u00e9en d\u2019oc\u00e9anologie (MIO) (Aix-Marseille Universit\u00e9 \/ CNRS \/ IRD \/ Universit\u00e9 de Toulon), partie <em>L\u2019Oc\u00e9an des humains<\/em><\/p><p style=\"text-align: left;\"><strong>Sarah Samadi<\/strong>, chercheuse dans l\u2019\u00e9quipe Exploration, esp\u00e8ces et \u00e9volution \u00e0 l\u2019Institut de syst\u00e9matique, \u00e9volution, biodiversit\u00e9 (ISYEB) (CNRS \/ EPHE \/ MNHN \/ Sorbonne Universit\u00e9), professeure au Mus\u00e9um national d\u2019histoire naturelle (MNHN), parties <em>La biodiversit\u00e9 des oc\u00e9ans <\/em>et<em> Quand la recherche prend la mer<\/em><\/p><p style=\"text-align: left;\"><strong>Daniel Sauter<\/strong>, directeur de recherche \u00e0 l\u2019Institut terre et environnement de Strasbourg (ITES) (CNRS \/ Universit\u00e9 de Strasbourg), partie <em>Naissance et \u00e9volution des oc\u00e9ans<\/em><\/p><\/div>\n\t\t\t\t\t<\/div>\n\t\t\t\t<\/div>\n\t\t\t\t<\/div>\n\t\t\t\t<div class=\"elementor-element elementor-element-c417020 elementor-widget-divider--view-line elementor-widget elementor-widget-divider\" data-id=\"c417020\" data-element_type=\"widget\" data-widget_type=\"divider.default\">\n\t\t\t\t<div class=\"elementor-widget-container\">\n\t\t\t\t\t<div class=\"elementor-divider\">\n\t\t\t<span class=\"elementor-divider-separator\">\n\t\t\t\t\t\t<\/span>\n\t\t<\/div>\n\t\t\t\t<\/div>\n\t\t\t\t<\/div>\n\t\t\t\t<div class=\"elementor-element elementor-element-28dd12b elementor-widget elementor-widget-kinsey-widget-content-block\" data-id=\"28dd12b\" data-element_type=\"widget\" data-widget_type=\"kinsey-widget-content-block.default\">\n\t\t\t\t<div class=\"elementor-widget-container\">\n\t\t\t\t\t<div class=\"section section-content\">\n\t\t\t\t\t\t<div class=\"section-content__content content arts-split-text js-arts-split-text\" data-arts-split-text=\"lines\" data-arts-split-text-set=\"lines\" data-arts-split-text-overflow-wrap=\"lines\" data-arts-os-animation=\"true\" data-arts-os-animation-name=\"animateText\"><p style=\"text-align: center;\"><strong>R\u00e9alisation et d\u00e9veloppement du site : <\/strong>\u00a0<a href=\"https:\/\/www.agenceblueberry.com\" target=\"_blank\" rel=\"noopener\"><br \/>Agence Blueberry<\/a><\/p><p style=\"text-align: center;\"><strong>Cr\u00e9dits Photos :\u00a0<\/strong> mentionn\u00e9s sous chaque photo<\/p><p style=\"text-align: center;\"><strong>Photos Habillage graphique : <\/strong> Envato<\/p><\/div>\n\t\t\t\t\t<\/div>\n\t\t\t\t<\/div>\n\t\t\t\t<\/div>\n\t\t\t\t<div class=\"elementor-element elementor-element-5963b09 elementor-widget elementor-widget-spacer\" data-id=\"5963b09\" data-element_type=\"widget\" data-widget_type=\"spacer.default\">\n\t\t\t\t<div class=\"elementor-widget-container\">\n\t\t\t\t\t<div class=\"elementor-spacer\">\n\t\t\t<div class=\"elementor-spacer-inner\"><\/div>\n\t\t<\/div>\n\t\t\t\t<\/div>\n\t\t\t\t<\/div>\n\t\t\t\t\t<\/div>\n\t\t<\/div>\n\t\t\t\t\t\t\t<\/div>\n\t\t<\/section>\n\t\t\t\t<div class=\"elementor-element elementor-element-3a033e4 zoom elementor-widget elementor-widget-html\" data-id=\"3a033e4\" data-element_type=\"widget\" data-widget_type=\"html.default\">\n\t\t\t\t<div class=\"elementor-widget-container\">\n\t\t\t<input type=\"button\" value=\"Zoomer +\" onClick=\"document.body.style.zoom=1.5\"> <input type=\"button\" value=\"Taille normale\" onClick=\"document.body.style.zoom=1\">\t\t<\/div>\n\t\t\t\t<\/div>\n\t\t\t\t\t<\/div>\n\t\t<\/div>\n\t\t\t\t\t\t\t<\/div>\n\t\t<\/section>\n\t\t\t\t\t\t<\/div>\n\t\t\t\t\t<\/div>\n\t\t","protected":false},"excerpt":{"rendered":"<p>Ce dossier CNRS\/sagascience consacr\u00e9 aux oc\u00e9ansa \u00e9t\u00e9 mis en ligne en juin 2022 par la directionde la communication du CNRS. R\u00e9daction\u00a0: Anne-Sophie Boutaud Recherche iconographique : Christine Girard, Anne-Sophie Boutaud \u00a0 La r\u00e9daction tient \u00e0 remercier particuli\u00e8rement pour leurs conseils, leur disponibilit\u00e9 et leurs validations scientifiques : Nicolas Bierne, directeur de recherche \u00e0 l&rsquo;Institut des [&hellip;]<\/p>\n","protected":false},"author":1,"featured_media":0,"parent":0,"menu_order":0,"comment_status":"closed","ping_status":"closed","template":"","meta":[],"acf":[],"_links":{"self":[{"href":"https:\/\/sagascience.com\/oceans\/wp-json\/wp\/v2\/pages\/4317"}],"collection":[{"href":"https:\/\/sagascience.com\/oceans\/wp-json\/wp\/v2\/pages"}],"about":[{"href":"https:\/\/sagascience.com\/oceans\/wp-json\/wp\/v2\/types\/page"}],"author":[{"embeddable":true,"href":"https:\/\/sagascience.com\/oceans\/wp-json\/wp\/v2\/users\/1"}],"replies":[{"embeddable":true,"href":"https:\/\/sagascience.com\/oceans\/wp-json\/wp\/v2\/comments?post=4317"}],"version-history":[{"count":61,"href":"https:\/\/sagascience.com\/oceans\/wp-json\/wp\/v2\/pages\/4317\/revisions"}],"predecessor-version":[{"id":4725,"href":"https:\/\/sagascience.com\/oceans\/wp-json\/wp\/v2\/pages\/4317\/revisions\/4725"}],"wp:attachment":[{"href":"https:\/\/sagascience.com\/oceans\/wp-json\/wp\/v2\/media?parent=4317"}],"curies":[{"name":"wp","href":"https:\/\/api.w.org\/{rel}","templated":true}]}}