{"id":6,"date":"2019-10-23T00:15:35","date_gmt":"2019-10-22T22:15:35","guid":{"rendered":"https:\/\/sagascience.com\/leonard-de-vinci\/?page_id=6"},"modified":"2019-10-24T17:12:42","modified_gmt":"2019-10-24T15:12:42","slug":"mentions-legales","status":"publish","type":"page","link":"https:\/\/sagascience.com\/leonard-de-vinci\/mentions-legales\/","title":{"rendered":"Mentions l\u00e9gales"},"content":{"rendered":"\n<h2 class=\"wp-block-heading\">Mentions l\u00e9gales<\/h2>\n\n\n\n<p>CNRS \u2013 Centre national de la recherche scientifique<br> 3, rue Michel-Ange<br> 75794 Paris cedex 16 \u2013 France<br> T\u00e9l\u00e9phone : +33 1 44 96 40 00<br> T\u00e9l\u00e9copie : +33 1 44 96 53 90<\/p>\n\n\n\n<ul><li>Directeur\u00a0de la publication : Antoine Petit (pr\u00e9sident-directeur g\u00e9n\u00e9ral du CNRS)<\/li><li>Directrice de la r\u00e9daction : Brigitte Perucca (directrice de la communication du CNRS)<\/li><\/ul>\n\n\n\n<p>H\u00e9bergeur \u2013\u00a0Infomaniak Network SA<br> 26, avenue de la Praille<br> 1227 Carouge<br> SUISSE<br> Site web :\u00a0<a href=\"https:\/\/www.infomaniak.com\/fr\" target=\"_blank\" rel=\"noreferrer noopener\" aria-label=\"www.infomaniak.com\/fr (s\u2019ouvre dans un nouvel onglet)\">www.infomaniak.com\/fr<\/a><\/p>\n\n\n\n<p>Pour consulter la politique du CNRS sur la protection des donn\u00e9es, consultez la page \u00ab\u00a0<a href=\"https:\/\/sagascience.com\/leonard-de-vinci\/donnees-personnelles\/\">Donn\u00e9es personnelles<\/a>\u00a0\u00bb.<\/p>\n\n\n\n<h4 class=\"wp-block-heading\">Clause de non-responsabilit\u00e9<\/h4>\n\n\n\n<p>La responsabilit\u00e9 du CNRS ne peut, en aucune mani\u00e8re, \u00eatre engag\u00e9e quant au contenu des informations figurant sur ce site ou aux cons\u00e9quences pouvant r\u00e9sulter de leur utilisation ou interpr\u00e9tation.<\/p>\n\n\n\n<h4 class=\"wp-block-heading\">Propri\u00e9t\u00e9 intellectuelle<\/h4>\n\n\n\n<p>Ce site est une \u0153uvre de cr\u00e9ation, propri\u00e9t\u00e9 exclusive du CNRS, prot\u00e9g\u00e9 par la l\u00e9gislation fran\u00e7aise et internationale sur le droit de la propri\u00e9t\u00e9 intellectuelle. Aucune reproduction ou repr\u00e9sentation ne peut \u00eatre r\u00e9alis\u00e9e en contravention avec les droits du CNRS issus de la l\u00e9gislation susvis\u00e9e.<\/p>\n\n\n\n<h4 class=\"wp-block-heading\">Liens hypertextes<\/h4>\n\n\n\n<p>La mise en place de liens hypertextes par des tiers vers des pages ou des documents diffus\u00e9s sur ce site, est autoris\u00e9e sous r\u00e9serve que les liens ne contreviennent pas aux int\u00e9r\u00eats du CNRS et qu\u2019ils garantissent la possibilit\u00e9 pour l\u2019utilisateur d\u2019identifier l\u2019origine et l\u2019auteur du document.<\/p>\n","protected":false},"excerpt":{"rendered":"<p>Mentions l\u00e9gales CNRS \u2013 Centre national de la recherche scientifique 3, rue Michel-Ange 75794 Paris cedex 16 \u2013 France T\u00e9l\u00e9phone : +33 1 44 96 40 00 T\u00e9l\u00e9copie : +33 1 44 96 53 90 Directeur\u00a0de la publication : Antoine Petit (pr\u00e9sident-directeur g\u00e9n\u00e9ral du CNRS) Directrice de la r\u00e9daction : Brigitte Perucca (directrice de la [&hellip;]<\/p>\n","protected":false},"author":1,"featured_media":0,"parent":0,"menu_order":0,"comment_status":"closed","ping_status":"closed","template":"","meta":{"footnotes":""},"yoast_head":"<!-- This site is optimized with the Yoast SEO plugin v21.9.1 - https:\/\/yoast.com\/wordpress\/plugins\/seo\/ -->\n<title>Mentions l\u00e9gales ~ Dans les carnets de L\u00e9onard 500 ans apr\u00e8s<\/title>\n<meta name=\"robots\" content=\"noindex, follow\" \/>\n<meta property=\"og:locale\" content=\"fr_FR\" \/>\n<meta property=\"og:type\" content=\"article\" \/>\n<meta property=\"og:title\" content=\"Mentions l\u00e9gales ~ Dans les carnets de L\u00e9onard 500 ans apr\u00e8s\" \/>\n<meta property=\"og:description\" content=\"Mentions l\u00e9gales CNRS \u2013 Centre national de la recherche scientifique 3, rue Michel-Ange 75794 Paris cedex 16 \u2013 France T\u00e9l\u00e9phone : +33 1 44 96 40 00 T\u00e9l\u00e9copie : +33 1 44 96 53 90 Directeur\u00a0de la publication : Antoine Petit (pr\u00e9sident-directeur g\u00e9n\u00e9ral du CNRS) Directrice de la r\u00e9daction : Brigitte Perucca (directrice de la [&hellip;]\" \/>\n<meta property=\"og:url\" content=\"https:\/\/sagascience.com\/leonard-de-vinci\/mentions-legales\/\" \/>\n<meta property=\"og:site_name\" content=\"Dans les carnets de L\u00e9onard 500 ans apr\u00e8s\" \/>\n<meta property=\"article:publisher\" content=\"https:\/\/www.facebook.com\/cnrs.fr\/\" \/>\n<meta property=\"article:modified_time\" content=\"2019-10-24T15:12:42+00:00\" \/>\n<meta property=\"og:image\" content=\"https:\/\/sagascience.com\/leonard-de-vinci\/wp-content\/uploads\/2019\/10\/ldv-share.jpg\" \/>\n\t<meta property=\"og:image:width\" content=\"1200\" \/>\n\t<meta property=\"og:image:height\" content=\"630\" \/>\n\t<meta property=\"og:image:type\" content=\"image\/jpeg\" \/>\n<meta name=\"twitter:card\" content=\"summary_large_image\" \/>\n<meta name=\"twitter:site\" content=\"@cnrs\" \/>\n<meta name=\"twitter:label1\" content=\"Est. reading time\" \/>\n\t<meta name=\"twitter:data1\" content=\"1 minute\" \/>\n<script type=\"application\/ld+json\" class=\"yoast-schema-graph\">{\"@context\":\"https:\/\/schema.org\",\"@graph\":[{\"@type\":\"WebPage\",\"@id\":\"https:\/\/sagascience.com\/leonard-de-vinci\/mentions-legales\/\",\"url\":\"https:\/\/sagascience.com\/leonard-de-vinci\/mentions-legales\/\",\"name\":\"Mentions l\u00e9gales ~ Dans les carnets de L\u00e9onard 500 ans apr\u00e8s\",\"isPartOf\":{\"@id\":\"https:\/\/sagascience.com\/leonard-de-vinci\/#website\"},\"datePublished\":\"2019-10-22T22:15:35+00:00\",\"dateModified\":\"2019-10-24T15:12:42+00:00\",\"breadcrumb\":{\"@id\":\"https:\/\/sagascience.com\/leonard-de-vinci\/mentions-legales\/#breadcrumb\"},\"inLanguage\":\"fr-FR\",\"potentialAction\":[{\"@type\":\"ReadAction\",\"target\":[\"https:\/\/sagascience.com\/leonard-de-vinci\/mentions-legales\/\"]}]},{\"@type\":\"BreadcrumbList\",\"@id\":\"https:\/\/sagascience.com\/leonard-de-vinci\/mentions-legales\/#breadcrumb\",\"itemListElement\":[{\"@type\":\"ListItem\",\"position\":1,\"name\":\"Home\",\"item\":\"https:\/\/sagascience.com\/leonard-de-vinci\/\"},{\"@type\":\"ListItem\",\"position\":2,\"name\":\"Mentions l\u00e9gales\"}]},{\"@type\":\"WebSite\",\"@id\":\"https:\/\/sagascience.com\/leonard-de-vinci\/#website\",\"url\":\"https:\/\/sagascience.com\/leonard-de-vinci\/\",\"name\":\"Dans les carnets de L\u00e9onard 500 ans apr\u00e8s\",\"description\":\"SagaScience\",\"potentialAction\":[{\"@type\":\"SearchAction\",\"target\":{\"@type\":\"EntryPoint\",\"urlTemplate\":\"https:\/\/sagascience.com\/leonard-de-vinci\/?s={search_term_string}\"},\"query-input\":\"required name=search_term_string\"}],\"inLanguage\":\"fr-FR\"}]}<\/script>\n<!-- \/ Yoast SEO plugin. -->","yoast_head_json":{"title":"Mentions l\u00e9gales ~ Dans les carnets de L\u00e9onard 500 ans apr\u00e8s","robots":{"index":"noindex","follow":"follow"},"og_locale":"fr_FR","og_type":"article","og_title":"Mentions l\u00e9gales ~ Dans les carnets de L\u00e9onard 500 ans apr\u00e8s","og_description":"Mentions l\u00e9gales CNRS \u2013 Centre national de la recherche scientifique 3, rue Michel-Ange 75794 Paris cedex 16 \u2013 France T\u00e9l\u00e9phone : +33 1 44 96 40 00 T\u00e9l\u00e9copie : +33 1 44 96 53 90 Directeur\u00a0de la publication : Antoine Petit (pr\u00e9sident-directeur g\u00e9n\u00e9ral du CNRS) Directrice de la r\u00e9daction : Brigitte Perucca (directrice de la [&hellip;]","og_url":"https:\/\/sagascience.com\/leonard-de-vinci\/mentions-legales\/","og_site_name":"Dans les carnets de L\u00e9onard 500 ans apr\u00e8s","article_publisher":"https:\/\/www.facebook.com\/cnrs.fr\/","article_modified_time":"2019-10-24T15:12:42+00:00","og_image":[{"width":1200,"height":630,"url":"https:\/\/sagascience.com\/leonard-de-vinci\/wp-content\/uploads\/2019\/10\/ldv-share.jpg","type":"image\/jpeg"}],"twitter_card":"summary_large_image","twitter_site":"@cnrs","twitter_misc":{"Est. reading time":"1 minute"},"schema":{"@context":"https:\/\/schema.org","@graph":[{"@type":"WebPage","@id":"https:\/\/sagascience.com\/leonard-de-vinci\/mentions-legales\/","url":"https:\/\/sagascience.com\/leonard-de-vinci\/mentions-legales\/","name":"Mentions l\u00e9gales ~ Dans les carnets de L\u00e9onard 500 ans apr\u00e8s","isPartOf":{"@id":"https:\/\/sagascience.com\/leonard-de-vinci\/#website"},"datePublished":"2019-10-22T22:15:35+00:00","dateModified":"2019-10-24T15:12:42+00:00","breadcrumb":{"@id":"https:\/\/sagascience.com\/leonard-de-vinci\/mentions-legales\/#breadcrumb"},"inLanguage":"fr-FR","potentialAction":[{"@type":"ReadAction","target":["https:\/\/sagascience.com\/leonard-de-vinci\/mentions-legales\/"]}]},{"@type":"BreadcrumbList","@id":"https:\/\/sagascience.com\/leonard-de-vinci\/mentions-legales\/#breadcrumb","itemListElement":[{"@type":"ListItem","position":1,"name":"Home","item":"https:\/\/sagascience.com\/leonard-de-vinci\/"},{"@type":"ListItem","position":2,"name":"Mentions l\u00e9gales"}]},{"@type":"WebSite","@id":"https:\/\/sagascience.com\/leonard-de-vinci\/#website","url":"https:\/\/sagascience.com\/leonard-de-vinci\/","name":"Dans les carnets de L\u00e9onard 500 ans apr\u00e8s","description":"SagaScience","potentialAction":[{"@type":"SearchAction","target":{"@type":"EntryPoint","urlTemplate":"https:\/\/sagascience.com\/leonard-de-vinci\/?s={search_term_string}"},"query-input":"required name=search_term_string"}],"inLanguage":"fr-FR"}]}},"_links":{"self":[{"href":"https:\/\/sagascience.com\/leonard-de-vinci\/wp-json\/wp\/v2\/pages\/6"}],"collection":[{"href":"https:\/\/sagascience.com\/leonard-de-vinci\/wp-json\/wp\/v2\/pages"}],"about":[{"href":"https:\/\/sagascience.com\/leonard-de-vinci\/wp-json\/wp\/v2\/types\/page"}],"author":[{"embeddable":true,"href":"https:\/\/sagascience.com\/leonard-de-vinci\/wp-json\/wp\/v2\/users\/1"}],"replies":[{"embeddable":true,"href":"https:\/\/sagascience.com\/leonard-de-vinci\/wp-json\/wp\/v2\/comments?post=6"}],"version-history":[{"count":0,"href":"https:\/\/sagascience.com\/leonard-de-vinci\/wp-json\/wp\/v2\/pages\/6\/revisions"}],"wp:attachment":[{"href":"https:\/\/sagascience.com\/leonard-de-vinci\/wp-json\/wp\/v2\/media?parent=6"}],"curies":[{"name":"wp","href":"https:\/\/api.w.org\/{rel}","templated":true}]}}